t j(b) = 0*b - 5 - u*b + b + 4. Give j(-2).
3
Let p(g) = -2*g + 2. Let k(c) = 2*c - 1. Let v be k(2). Let l be p(v). Let t(b) = -b**3 - 4*b**2 - 3*b - 6. Calculate t(l).
6
Suppose h - 3 = -d, -d - 3*h = -5 + 4. Let g be d/(-14) + (-180)/(-42). Let m(k) = 2*k - 1. Determine m(g).
7
Let y be 4/22 - 1295/(-77). Suppose -3*d + y = -2*i, -3*i + 0*i + 4*d = 23. Let r(m) = 12*m**3. What is r(i)?
-12
Let r(n) be the first derivative of -n**4/4 - 5*n**3/3 + n**2/2 + 3*n + 3. Let w(l) = -l. Let v be w(5). Calculate r(v).
-2
Let z(l) = 1 + 5*l - 2 - 4*l + 2. Suppose 0 = -5*i + m - 7, 2*m + 1 = -2*i + 3*m. Determine z(i).
-1
Let g be -6 + 6 - 3/1. Let j(a) = 2*a - 4. Let n(q) = -q. Let k(u) = u**3 - u**2 - 2*u - 1. Let d be k(2). Let z(v) = d*j(v) + g*n(v). What is z(3)?
7
Let h(j) be the second derivative of j**6/120 + j**5/30 - j**4/12 - j**3/2 - j**2/2 + 3*j. Let t(r) be the first derivative of h(r). What is t(-3)?
-6
Suppose -j + 0*j = 2*d + 8, 4*j - 18 = 2*d. Let a(o) = -o**3 - 6*o**2 - 6*o - 4. Calculate a(d).
1
Let y(k) be the second derivative of k**3/3 - 4*k**2 - 6*k. Give y(7).
6
Let d(c) = c**2 - 6*c + 6. Let r = -16 + 19. Suppose -l + y = 1, 0*l - r*y = -l - 11. Give d(l).
-2
Suppose -3*w + 14 + 1 = 0. Let c(o) = -o + 7. Calculate c(w).
2
Let z be (-1*1)/(6 + 125/(-20)). Let l(g) = -g**3 + 5*g**2 - 4*g - 2. Determine l(z).
-2
Let q(h) be the second derivative of 3*h**5/5 - h**4/12 + h**3/3 - h**2/2 + 9*h. Suppose -4*t + 0 = -20. Let k be (-2)/(t - 1)*-2. Calculate q(k).
12
Let p(a) be the first derivative of -10*a**3/3 - a**2/2 + 34. What is p(1)?
-11
Suppose 0 = -3*v, 4*v - 3*v = -2*d - 2. Let i(l) = 4*l**2 - l. What is i(d)?
5
Suppose 3*w = 4*w - 2. Suppose a - 4*g + 8 = -11, w*g - 8 = 0. Let k(i) = -2*i**2 - 5*i - 2. Calculate k(a).
-5
Suppose -t + 3 = -x - x, -3*x = 0. Let m(k) = k**3 - 2*k**2 - 1. Give m(t).
8
Suppose 3*c = 1 + 8, 0 = 3*i - c + 3. Let n(o) = -o**3 - o - 16. Give n(i).
-16
Let c(s) = -9*s**2 + 5*s + 9. Let y(o) = 5*o**2 - 3*o - 5. Let t(z) = 4*c(z) + 7*y(z). Let u be (1 - 0 - (-3 + 3)) + -3. Determine t(u).
-1
Let s(k) be the first derivative of 2*k**2 + 2*k + 23. Give s(2).
10
Suppose -2*c + 10 = t + c, -3*c = -12. Let z = t - -2. Let r(h) = -h + 3. Determine r(z).
3
Suppose -7*i + 9*i = 6. Let h(m) = m**3 - 4*m**2 + 5*m - 3. Determine h(i).
3
Suppose 15 = 4*y - 9. Let v(b) = -2*b - 1. Give v(y).
-13
Let y(g) = -g**3 + 4*g**2 + 7*g - 7. Let k(d) = 2*d**3 - 8*d**2 - 13*d + 13. Let m(v) = -4*k(v) - 7*y(v). What is m(5)?
-13
Suppose -6*s = -s + 25. Let c = 7 + s. Let v(q) be the third derivative of q**6/120 - q**5/30 + q**4/12 + q**3/6 + 2*q**2. Give v(c).
5
Let v(c) = -c - 7. Let m(t) = 1. Let o(p) = 14*m(p) + 2*v(p). Give o(-3).
6
Let v(a) = -a**3 + 5*a**2 + 2*a - 7. Let f(n) = -n**3 + 3*n**2 + 2*n - 1. Let k be f(4). Let o = -4 - k. Give v(o).
3
Suppose -8*i = 11 - 3. Let h(b) = -b**2 - 2*b. Give h(i).
1
Let f be (4/16)/(2/24). Suppose 2*g - 1 = 5*v - 14, -4*v = f*g - 15. Let p(m) = -5*m - 1. Calculate p(g).
-6
Let y(g) = -2*g - 8. Let v(i) = 5*i + 24. Let r be v(-6). Calculate y(r).
4
Let r(z) = z**2 - 6*z + 2. Let g be r(5). Let w(p) = 8*p + 13. Let t(k) = 4*k + 7. Let h(s) = 7*t(s) - 4*w(s). Determine h(g).
9
Let l(g) be the second derivative of -7/12*g**4 + 0 - g**3 + 7*g + 4*g**2 - 1/20*g**5. Calculate l(-6).
8
Let a = 20 + -18. Let n(j) = -j**a + 2*j**2 + 2 + 4*j**2 + 0*j**2 + 6*j - j**3. Determine n(6).
2
Let v = 7/18 + -2/9. Let q(h) be the second derivative of 0 - v*h**3 - 2*h - 3*h**2. Calculate q(0).
-6
Let a(t) = t - 1. Let g = 6 - 3. Let p(u) = 0*u - g*u + 3 + 0*u. Let f(d) = 12*a(d) + 5*p(d). Determine f(2).
-3
Let y(z) = 3*z**3 - 4*z**2 + 8*z - 2. Let l(b) = 2*b**3 - 4*b**2 + 7*b - 2. Let u(i) = -4*l(i) + 3*y(i). Let f be (-115)/25 + 4/(-10). What is u(f)?
-3
Let j = -1 - -1. Let h(q) = q - 5. Calculate h(j).
-5
Let l = -14 + 16. Let t(h) = h**2 - 3*h + 1. What is t(l)?
-1
Suppose 2*f + q = -f + 2, -2 = -2*f - q. Suppose f = 3*c - 6*c + 9. Let b(x) = x**3 - 4*x**2 + c - x + 2*x - 4. Calculate b(4).
3
Let x(i) = 5*i**2 + 5*i - 5. Suppose 2*d - 16 + 4 = 0. Let n(o) = -5*o**2 - 4*o + 4. Let v(t) = d*n(t) + 5*x(t). Give v(1).
-5
Let f(w) = w**3 + 9*w**2 + 16*w + 10. Let m be f(-7). Let y(o) = o**3 + 3*o**2 - 5*o + 2. Give y(m).
6
Let g(b) be the third derivative of -b**5/60 + b**4/3 + b**3/6 + 3*b**2. Calculate g(6).
13
Let j(t) = 3*t - 2*t - 4 + 2 + 4. What is j(7)?
9
Let a(o) = o**2 - 6 + 3*o - 8*o - 5*o. Determine a(10).
-6
Let r be (-2 + -2 + 2)/(-2). Let a(q) = -2*q**3 - 5*q**2 - q - 4. Let b(n) = n**3 + n**2 + n - 1. Let l(g) = r*a(g) + b(g). Suppose -3 - 9 = 3*t. Give l(t).
-5
Suppose -8 = 3*r + j, 0 + 2 = 2*j. Let a(m) be the first derivative of -m**4/4 - 4*m**3/3 - m**2/2 + 2*m + 1. Determine a(r).
-4
Suppose -2*v + v + 4*w + 26 = 0, 5*v + 3*w = 15. Let j(h) = -2*h + 9. What is j(v)?
-3
Let k = 12 + -6. Let s(o) = -o**3 + 7*o**2 - 3*o - 8. Determine s(k).
10
Suppose 2*d + 10 = 2*r, -3*r + 0*d - 3*d = 3. Let a(n) = -n**3 - 2*n + 3. Let l(k) = -5*k**3 - 9*k + 13. Let x(y) = r*l(y) - 9*a(y). Determine x(-2).
7
Let t(i) = 4*i - 2. Let v = 62 - 58. Determine t(v).
14
Let t(r) = -r**2 + r + 4. Let i be t(0). Let g(x) = i + x + 1 + 1 + 0. Give g(0).
6
Let s = -33 - -27. Let k be (-4)/3*s/4. Let f(m) = 3*m - 3. What is f(k)?
3
Let k(y) = -y - 2. Let q(t) = -1. Let z(o) = -2*k(o) + 5*q(o). Let h(a) = a**3 + 3*a**2 - 3*a - 4. Let m be h(-3). Let s = 8 - m. Determine z(s).
5
Let p = 78 + -75. Let v(r) = r**2 - 7*r + 3. What is v(p)?
-9
Let p(v) = v**2 - 6*v - 5. Let z = -19 - -25. Calculate p(z).
-5
Let g(k) = 4*k - 1. Let u = -11 + 12. Let q be -2 - (2 - (u - -2)). Calculate g(q).
-5
Let z(j) = -5*j**2 - 8*j - 9. Let t(f) = f**2 + 1. Let a(n) = -4*t(n) - z(n). Let h(b) = -b. Let r be h(5). Determine a(r).
-10
Let t(l) be the third derivative of -l**5/60 + 5*l**4/24 + l**3/3 + 7*l**2. Let v(c) = c - 1. Let d be v(7). Calculate t(d).
-4
Let r(s) = 0*s - 8 + 0 + 0 + s. Suppose -5*d = 3*x - 23, -4*d = -2*x - 0 + 8. Give r(x).
-2
Suppose 189*s - 45 = 184*s. Let i(b) = -b**3 + 8*b**2 + 9*b - 4. Calculate i(s).
-4
Let z(t) = t**2 - 9*t + 8. Let p be z(8). Suppose 5*x + p*x = 15. Let n(r) = -r - 3. Determine n(x).
-6
Let v(w) = -w**2 + 5*w + 1. Let f be (-3 - 2)/(1 + -2). Give v(f).
1
Let v(n) = n**3 + 10*n**2 + n + 9. Let o be v(-10). Let d(x) = -8*x**3 + x**2. Calculate d(o).
9
Let j(y) = 0*y + 6 - 2 + 5*y + 2*y**2. Determine j(-3).
7
Let c = 12 - 8. Suppose -3*x = 4*y - 8, -17 = -c*x + 4*y - 3*y. Let g(t) = -3*t - x*t + 2*t + 3*t - 2. What is g(-4)?
6
Let q be 2*4/(8/3). Let b(n) = -3*n - q*n - n**2 + 4*n. Let y = -27 - -25. Calculate b(y).
0
Suppose -p = -6*p + 25. Suppose 8*u - p*u + 12 = 0. Let w(t) = t**3 + 5*t**2 + 2*t - 1. Determine w(u).
7
Let z(n) = n**3 - 7*n**2 + 8*n - 3. Let f = 12 + -6. Determine z(f).
9
Let a(q) = 2*q**3 - q**2 + 2*q - 1. Let z(h) = -h - 8. Let n be z(-13). Suppose 5*i = 3*i + n*m + 7, 0 = i + m. What is a(i)?
2
Let w(i) = 5 + 1 + 1 + i + 3*i - i**2. What is w(6)?
-5
Let g(l) = -l**3 - 6*l**2 - 2*l + 6. Suppose -2*y + 10 = -4*y. Calculate g(y).
-9
Let w(k) be the second derivative of k**5/20 - k**4/2 - k**3/2 + 9*k**2/2 - 6*k. Calculate w(6).
-9
Let s(j) = -2 - 5 - j + 1. Let k be s(0). Let d(v) = -20*v**3 - v**2 - 21*v - 29. Let h(z) = 7*z**3 + 7*z + 10. Let m(g) = k*d(g) - 17*h(g). Give m(-4).
8
Let p(w) = w**2 - 2*w - 5. Let z = -31 - -36. Determine p(z).
10
Let t(f) = f. Let s = -1 - 1. Let a(m) = -m**2 - 2*m - 1. Let q(x) = s*t(x) - a(x). Give q(-1).
2
Let b(p) = -p + 1. Suppose 4*x - 4 = -2*o - 24, 4*x = 2*o - 12. Let t = o + 5. Determine b(t).
-2
Let p(l) = l + 1. Let w be p(4). Let x(m) = -w + 3 - 1 - 3 + m. Give x(5).
-1
Let s = 6/55 + -89/1320. Let l(u) be the third derivative of -s*u**4 + 0 - 7/6*u**3 + 1/60*u**5 - u**2 + 0*u. Give l(0).
-7
Let u(k) = k + 1. Let t(v) = 7*v + 6. Let r(s) = t(s) - 6*u(s). What is r(4)?
4
Let j(o) = o**3 - 3*o**2 - 2*o - 4. Suppose -2*k = k + 6. Let a(y) = y**3 + 3*y. Let f(b) = -b**2 - 1. Let h(g) = -a(g) + 2*f(g). Let x be h(k). Calculate j(x).
4
Suppose 30*x - 42 = 23*x. Let m(k) be the second derivative of k**5/20 - k**4/2 + k**3/3 - 2*k**2 - 2*k. Calculate m(x).
8
Let u(q) = -12*q**2 - q**2 + 0*q**2 + 4*q + 0 + 2. Let a(c) = -1 + 2*c - 